he remainder when 2359575 is divided by 358?
355
Calculate the remainder when 1373248 is divided by 125.
123
Calculate the remainder when 62646 is divided by 12526.
16
Calculate the remainder when 10439 is divided by 960.
839
Calculate the remainder when 10755 is divided by 1725.
405
What is the remainder when 7746 is divided by 2326?
768
What is the remainder when 45514 is divided by 45494?
20
What is the remainder when 596484 is divided by 209?
207
Calculate the remainder when 2761 is divided by 859.
184
Calculate the remainder when 10745 is divided by 308.
273
What is the remainder when 29562 is divided by 1356?
1086
Calculate the remainder when 197336 is divided by 759.
755
Calculate the remainder when 506125 is divided by 16.
13
What is the remainder when 5019 is divided by 7?
0
Calculate the remainder when 2020955 is divided by 1360.
1355
What is the remainder when 9722 is divided by 9706?
16
What is the remainder when 11876 is divided by 410?
396
What is the remainder when 25629 is divided by 29?
22
Calculate the remainder when 82257 is divided by 20559.
21
Calculate the remainder when 3189 is divided by 1051.
36
What is the remainder when 2830 is divided by 2819?
11
Calculate the remainder when 129723 is divided by 129717.
6
Calculate the remainder when 580180 is divided by 1245.
10
Calculate the remainder when 290028 is divided by 130.
128
What is the remainder when 157577 is divided by 275?
2
Calculate the remainder when 384001 is divided by 37.
15
Calculate the remainder when 29087 is divided by 9662.
101
What is the remainder when 10583668 is divided by 194?
192
Calculate the remainder when 628 is divided by 72.
52
Calculate the remainder when 21661 is divided by 7213.
22
Calculate the remainder when 355540 is divided by 167.
164
Calculate the remainder when 32016 is divided by 1600.
16
What is the remainder when 9223 is divided by 4609?
5
What is the remainder when 2341 is divided by 1094?
153
Calculate the remainder when 25900 is divided by 14.
0
Calculate the remainder when 178 is divided by 32.
18
Calculate the remainder when 273960 is divided by 533.
531
What is the remainder when 4798 is divided by 120?
118
What is the remainder when 12318 is divided by 11944?
374
What is the remainder when 8270987 is divided by 44?
43
What is the remainder when 1799 is divided by 1388?
411
Calculate the remainder when 28974 is divided by 7219.
98
What is the remainder when 358 is divided by 24?
22
What is the remainder when 32754 is divided by 79?
48
Calculate the remainder when 70027 is divided by 298.
295
What is the remainder when 3849 is divided by 1129?
462
What is the remainder when 9534 is divided by 126?
84
What is the remainder when 2236 is divided by 13?
0
What is the remainder when 43238 is divided by 213?
212
Calculate the remainder when 16735 is divided by 243.
211
Calculate the remainder when 906441 is divided by 462.
459
What is the remainder when 6719 is divided by 1178?
829
Calculate the remainder when 878219 is divided by 25.
19
Calculate the remainder when 49003 is divided by 4900.
3
Calculate the remainder when 2949 is divided by 980.
9
Calculate the remainder when 131514 is divided by 29.
28
Calculate the remainder when 2655 is divided by 143.
81
Calculate the remainder when 9039698 is divided by 100.
98
Calculate the remainder when 675332 is divided by 21.
14
What is the remainder when 22943 is divided by 165?
8
What is the remainder when 38958 is divided by 9723?
66
Calculate the remainder when 13064 is divided by 544.
8
Calculate the remainder when 112250 is divided by 36.
2
What is the remainder when 573 is divided by 22?
1
What is the remainder when 2412012 is divided by 8?
4
Calculate the remainder when 665 is divided by 107.
23
Calculate the remainder when 156208 is divided by 166.
2
What is the remainder when 69850 is divided by 13967?
15
Calculate the remainder when 58563 is divided by 19485.
108
Calculate the remainder when 158724 is divided by 17.
12
What is the remainder when 111109 is divided by 3366?
31
Calculate the remainder when 344271 is divided by 86067.
3
Calculate the remainder when 1520 is divided by 294.
50
Calculate the remainder when 20318 is divided by 5077.
10
What is the remainder when 6110 is divided by 511?
489
What is the remainder when 130693 is divided by 101?
100
Calculate the remainder when 152889 is divided by 50840.
369
What is the remainder when 1178 is divided by 36?
26
What is the remainder when 771 is divided by 333?
105
What is the remainder when 198079 is divided by 9002?
35
What is the remainder when 453 is divided by 70?
33
What is the remainder when 157167 is divided by 517?
516
What is the remainder when 115818 is divided by 57?
51
What is the remainder when 5395 is divided by 108?
103
What is the remainder when 39373 is divided by 5?
3
Calculate the remainder when 25559 is divided by 1332.
251
Calculate the remainder when 5455 is divided by 897.
73
What is the remainder when 44163 is divided by 11?
9
Calculate the remainder when 147949 is divided by 439.
6
What is the remainder when 43263 is divided by 256?
255
What is the remainder when 1469 is divided by 98?
97
Calculate the remainder when 40840 is divided by 16.
8
What is the remainder when 2743 is divided by 386?
41
Calculate the remainder when 82610 is divided by 82590.
20
Calculate the remainder when 9711 is divided by 231.
9
Calculate the remainder when 12754 is divided by 311.
3
Calculate the remainder when 1997 is divided by 966.
65
Calculate the remainder when 328315 is divided by 35.
15
Calculate the remainder when 284795 is divided by 137.
109
What is the remainder when 99769 is divided by 42?
19
What is the remainder when 1676 is divided by 24?
20
Calculate the remainder when 4516 is divided by 8.
4
Calculate the remainder when 3031899 is divided by 537.
534
What is the remainder when 50260 is divided by 131?
87
What is the remainder when 4537 is divided by 118?
53
What is the remainder when 1108857 is divided by 554415?
27
What is the remainder when 24061 is divided by 4010?
1
What is the remainder when 2216 is divided by 723?
47
What is the remainder when 142521 is divided by 20359?
8
What is the remainder when 12719 is divided by 909?
902
Calculate the remainder when 5292 is divided by 155.
22
What is the remainder when 9278 is divided by 1847?
43
What is the remainder when 4081 is divided by 1304?
169
Calculate the remainder when 258 is divided by 70.
48
Calculate the remainder when 51106 is divided by 399.
34
Calculate the remainder when 32902 is divided by 16.
6
What is the remainder when 107267 is divided by 26815?
7
Calculate the remainder when 1739 is divided by 571.
26
What is the remainder when 7231 is divided by 1806?
7
Calculate the remainder when 30798 is divided by 204.
198
What is the remainder when 18446 is divided by 108?
86
What is the remainder when 286007 is divided by 408?
407
What is the remainder when 29423 is divided by 29413?
10
Calculate the remainder when 16873 is divided by 23.
14
What is the remainder when 5269 is divided by 1053?
4
Calculate the remainder when 4686 is divided by 3856.
830
Calculate the remainder when 754 is divided by 263.
228
What is the remainder when 11905 is divided by 5948?
9
Calculate the remainder when 4860 is divided by 121.
20
What is the remainder when 14948 is divided by 52?
24
Calculate the remainder when 15780 is divided by 12.
0
What is the remainder when 297424 is divided by 33?
28
Calculate the remainder when 105233 is divided by 6.
5
What is the remainder when 37364 is divided by 5336?
12
Calculate the remainder when 190 is divided by 50.
40
What is the remainder when 1672 is divided by 10?
2
What is the remainder when 16524 is divided by 472?
4
What is the remainder when 214267 is divided by 1040?
27
What is the remainder when 984224 is divided by 77?
10
What is the remainder when 59720 is divided by 263?
19
What is the remainder when 89165 is divided by 361?
359
Calculate the remainder when 22074 is divided by 3670.
54
What is the remainder when 4834 is divided by 1232?
1138
What is the remainder when 9926 is divided by 9925?
1
Calculate the remainder when 142317 is divided by 650.
617
What is the remainder when 1334 is divided by 422?
68
C